{"id":37,"date":"2022-11-29T10:03:03","date_gmt":"2022-11-29T09:03:03","guid":{"rendered":"https:\/\/avdpa.org\/?page_id=37"},"modified":"2023-03-30T14:18:07","modified_gmt":"2023-03-30T12:18:07","slug":"accueil","status":"publish","type":"page","link":"https:\/\/avdpa.org\/","title":{"rendered":"Accueil"},"content":{"rendered":"\n<p class=\"has-text-align-center\">\ud83d\udea7Ce site est en cours de construction \ud83d\udea7<\/p>\n\n\n\n<p>L\u2019Association pour la Valorisation et la Diffusion de la Pr\u00e9histoire Alpine (AVDPA) est une association r\u00e9gie par la loi de 1901, cr\u00e9\u00e9e en 2000. Elle a pour but de soutenir la recherche en arch\u00e9ologie pr\u00e9historique, protohistorique et \u00e9ventuellement historique dans les Alpes du nord, de faire conna\u00eetre les r\u00e9sultats acquis et de participer \u00e0 la valorisation du Patrimoine arch\u00e9ologique.<\/p>\n\n\n\n<p>L\u2019AVDPA accueille toute personne int\u00e9ress\u00e9e par la discipline arch\u00e9ologique : \u00e9tudiants, chercheurs, enseignants, b\u00e9n\u00e9voles et amateurs d\u2019arch\u00e9ologie.<\/p>\n\n\n\n<p>L\u2019Association emploie plusieurs salari\u00e9(e)s \u00e0 temps partiel (infographie, cartographie, base de donn\u00e9es, photographie, documentation, encadrement de chantier de fouilles, animations\u2026)<\/p>\n\n\n\n<p>Depuis 2021, son si\u00e8ge est install\u00e9 au 790 chemin de Liorin, Concourdan, F-38250 Villard de Lans.<\/p>\n\n\n\n<h2 class=\"wp-block-heading has-text-align-center\">Actualit\u00e9s<\/h2>\n\n\n\n<div class=\"wp-block-columns is-layout-flex wp-container-core-columns-is-layout-9d6595d7 wp-block-columns-is-layout-flex\">\n<div class=\"wp-block-column is-layout-flow wp-block-column-is-layout-flow\">\n<div class=\"wp-block-genesis-blocks-gb-columns gb-layout-columns-2 gb-2-col-equal\"><div class=\"gb-layout-column-wrap gb-block-layout-column-gap-2 gb-is-responsive-column\">\n<div class=\"wp-block-genesis-blocks-gb-column gb-block-layout-column\"><div class=\"gb-block-layout-column-inner has-nv-light-bg-background-color\" style=\"padding-top:10px;padding-right:10px;padding-bottom:10px;padding-left:10px\">\n<h5 class=\"wp-block-heading\">Conf\u00e9rence &#8211; <strong>La montagne alpine au temps des premiers alpins : des derniers chasseurs aux premiers pasteurs-agriculteurs<\/strong><\/h5>\n\n\n\n<p>par Pierre Bintz<br><strong>\ud83d\udcc6<\/strong>Jeudi 27 avril 2023, \u00e0 partir de 14h30, \u00e0 l&rsquo;Office de Tourisme de Grenoble<\/p>\n\n\n<div class=\"wp-block-image\">\n<figure class=\"aligncenter size-large is-resized\"><img loading=\"lazy\" decoding=\"async\" src=\"https:\/\/avdpa.org\/wp-content\/uploads\/2023\/03\/13261_grotte-colo-1024x768.jpg\" alt=\"\" class=\"wp-image-91\" width=\"350\" height=\"262\" srcset=\"https:\/\/avdpa.org\/wp-content\/uploads\/2023\/03\/13261_grotte-colo-1024x768.jpg 1024w, https:\/\/avdpa.org\/wp-content\/uploads\/2023\/03\/13261_grotte-colo-300x225.jpg 300w, https:\/\/avdpa.org\/wp-content\/uploads\/2023\/03\/13261_grotte-colo-768x576.jpg 768w, https:\/\/avdpa.org\/wp-content\/uploads\/2023\/03\/13261_grotte-colo-1536x1152.jpg 1536w, https:\/\/avdpa.org\/wp-content\/uploads\/2023\/03\/13261_grotte-colo-2048x1536.jpg 2048w\" sizes=\"auto, (max-width: 350px) 100vw, 350px\" \/><\/figure>\n<\/div>\n\n\n<p>Depuis pr\u00e8s de 40 ans des programmes de recherche pluridisciplinaires men\u00e9s dans les Alpes du Nord ont renouvel\u00e9 nos connaissances sur les occupations humaines et les \u00e9volutions pal\u00e9o-environnementales de la Pr\u00e9histoire r\u00e9cente. Elles concernent notamment la fin des temps glaciaires, de \u2013 18 000 \u00e0 \u2013 5 000 ans, p\u00e9riode marqu\u00e9e par les \u00e9volutions bioclimatiques majeures caract\u00e9risant le passages de la derni\u00e8re p\u00e9riode glaciaire \u00e0 l\u2019interglaciaire actuel en relation avec les premi\u00e8res colonisations humaines. Les donn\u00e9es fournies par de nombreuse fouilles et prospections arch\u00e9ologiques qui ont recens\u00e9 plus de 100 sites racontent les modalit\u00e9s de passage entre les derniers chasseurs-cueilleurs et les premiers pasteurs-agriculteurs dans un milieu montagnard \u00e0 priori hostile mais offrant des ressources biologiques et min\u00e9rales particuli\u00e8res.<\/p>\n\n\n\n<p><\/p>\n<\/div><\/div>\n\n\n\n<div class=\"wp-block-genesis-blocks-gb-column gb-block-layout-column\"><div class=\"gb-block-layout-column-inner has-nv-light-bg-background-color\" style=\"padding-top:10px;padding-right:10px;padding-bottom:10px;padding-left:10px\">\n<h5 class=\"wp-block-heading\">Conf\u00e9rence &#8211; <strong>Vivre en habitat palafittique au bord du lac de Paladru il y a 5000 ans, esquisse des soci\u00e9t\u00e9s n\u00e9olithiques dans les Alpes du Nord<\/strong><\/h5>\n\n\n\n<p>par Pierre Bintz et Jean-Jacques Millet<br><strong>\ud83d\udcc6<\/strong>Mercredi 22 mars 2023, de 18h30 \u00e0 20h, \u00e0 l&rsquo;auditorium du Mus\u00e9um d&rsquo;Histoire Naturelle de Grenoble (entr\u00e9e gratuite)<\/p>\n\n\n<div class=\"wp-block-image\">\n<figure class=\"aligncenter size-full\"><img loading=\"lazy\" decoding=\"async\" width=\"350\" height=\"258\" src=\"https:\/\/avdpa.org\/wp-content\/uploads\/2023\/03\/xl_reconst-Charavines.jpg\" alt=\"\" class=\"wp-image-90\" srcset=\"https:\/\/avdpa.org\/wp-content\/uploads\/2023\/03\/xl_reconst-Charavines.jpg 350w, https:\/\/avdpa.org\/wp-content\/uploads\/2023\/03\/xl_reconst-Charavines-300x221.jpg 300w\" sizes=\"auto, (max-width: 350px) 100vw, 350px\" \/><\/figure>\n<\/div>\n\n\n<p>Les habitats lacustres du lac de Paladru sont une fen\u00eatre ouverte sur le N\u00e9olithique des Alpes du Nord. Les occupants ont laiss\u00e9 des vestiges remarquables, bois, c\u00e9ramiques, parures, silex taill\u00e9s, restes osseux qui permettent d\u2019avoir une id\u00e9e pr\u00e9cise sur les activit\u00e9s quotidiennes des habitants et les mani\u00e8res de vivre ensemble. Cette conf\u00e9rence vous invite \u00e0 d\u00e9couvrir une esquisse des soci\u00e9t\u00e9s n\u00e9olithiques avec des regards crois\u00e9s d\u2019un pr\u00e9historien et d\u2019un anthropologue.<\/p>\n<\/div><\/div>\n<\/div><\/div>\n<\/div>\n<\/div>\n","protected":false},"excerpt":{"rendered":"<p>\ud83d\udea7Ce site est en cours de construction \ud83d\udea7 L\u2019Association pour la Valorisation et la Diffusion de la Pr\u00e9histoire Alpine (AVDPA) est une association r\u00e9gie par la loi de 1901, cr\u00e9\u00e9e en 2000. Elle a pour but de soutenir la recherche en arch\u00e9ologie pr\u00e9historique, protohistorique et \u00e9ventuellement historique dans les Alpes du nord, de faire conna\u00eetre&hellip;&nbsp;<a href=\"https:\/\/avdpa.org\/\" class=\"\" rel=\"bookmark\">Lire la suite &raquo;<span class=\"screen-reader-text\">Accueil<\/span><\/a><\/p>\n","protected":false},"author":1,"featured_media":0,"parent":0,"menu_order":0,"comment_status":"closed","ping_status":"closed","template":"","meta":{"neve_meta_sidebar":"","neve_meta_container":"full-width","neve_meta_enable_content_width":"on","neve_meta_content_width":80,"neve_meta_title_alignment":"","neve_meta_author_avatar":"","neve_post_elements_order":"","neve_meta_disable_header":"","neve_meta_disable_footer":"","neve_meta_disable_title":"on","_ti_tpc_template_sync":false,"_ti_tpc_template_id":"","footnotes":""},"class_list":["post-37","page","type-page","status-publish","hentry"],"featured_image_src":null,"featured_image_src_square":null,"_links":{"self":[{"href":"https:\/\/avdpa.org\/index.php\/wp-json\/wp\/v2\/pages\/37","targetHints":{"allow":["GET"]}}],"collection":[{"href":"https:\/\/avdpa.org\/index.php\/wp-json\/wp\/v2\/pages"}],"about":[{"href":"https:\/\/avdpa.org\/index.php\/wp-json\/wp\/v2\/types\/page"}],"author":[{"embeddable":true,"href":"https:\/\/avdpa.org\/index.php\/wp-json\/wp\/v2\/users\/1"}],"replies":[{"embeddable":true,"href":"https:\/\/avdpa.org\/index.php\/wp-json\/wp\/v2\/comments?post=37"}],"version-history":[{"count":8,"href":"https:\/\/avdpa.org\/index.php\/wp-json\/wp\/v2\/pages\/37\/revisions"}],"predecessor-version":[{"id":176,"href":"https:\/\/avdpa.org\/index.php\/wp-json\/wp\/v2\/pages\/37\/revisions\/176"}],"wp:attachment":[{"href":"https:\/\/avdpa.org\/index.php\/wp-json\/wp\/v2\/media?parent=37"}],"curies":[{"name":"wp","href":"https:\/\/api.w.org\/{rel}","templated":true}]}}

<p class="has-text-align-center">🚧Ce site est en cours de construction 🚧</p>



<p>L’Association pour la Valorisation et la Diffusion de la Préhistoire Alpine (AVDPA) est une association régie par la loi de 1901, créée en 2000. Elle a pour but de soutenir la recherche en archéologie préhistorique, protohistorique et éventuellement historique dans les Alpes du nord, de faire connaître les résultats acquis et de participer à la valorisation du Patrimoine archéologique.</p>



<p>L’AVDPA accueille toute personne intéressée par la discipline archéologique : étudiants, chercheurs, enseignants, bénévoles et amateurs d’archéologie.</p>



<p>L’Association emploie plusieurs salarié(e)s à temps partiel (infographie, cartographie, base de données, photographie, documentation, encadrement de chantier de fouilles, animations…)</p>



<p>Depuis 2021, son siège est installé au 790 chemin de Liorin, Concourdan, F-38250 Villard de Lans.</p>



<h2 class="wp-block-heading has-text-align-center">Actualités</h2>



<div class="wp-block-columns is-layout-flex wp-container-core-columns-is-layout-9d6595d7 wp-block-columns-is-layout-flex">
<div class="wp-block-column is-layout-flow wp-block-column-is-layout-flow">
<div class="wp-block-genesis-blocks-gb-columns gb-layout-columns-2 gb-2-col-equal"><div class="gb-layout-column-wrap gb-block-layout-column-gap-2 gb-is-responsive-column">
<div class="wp-block-genesis-blocks-gb-column gb-block-layout-column"><div class="gb-block-layout-column-inner has-nv-light-bg-background-color" style="padding-top:10px;padding-right:10px;padding-bottom:10px;padding-left:10px">
<h5 class="wp-block-heading">Conférence &#8211; <strong>La montagne alpine au temps des premiers alpins : des derniers chasseurs aux premiers pasteurs-agriculteurs</strong></h5>



<p>par Pierre Bintz<br><strong>📆</strong>Jeudi 27 avril 2023, à partir de 14h30, à l&rsquo;Office de Tourisme de Grenoble</p>


<div class="wp-block-image">
<figure class="aligncenter size-large is-resized"><img loading="lazy" decoding="async" src="https://avdpa.org/wp-content/uploads/2023/03/13261_grotte-colo-1024x768.jpg" alt="" class="wp-image-91" width="350" height="262" srcset="https://avdpa.org/wp-content/uploads/2023/03/13261_grotte-colo-1024x768.jpg 1024w, https://avdpa.org/wp-content/uploads/2023/03/13261_grotte-colo-300x225.jpg 300w, https://avdpa.org/wp-content/uploads/2023/03/13261_grotte-colo-768x576.jpg 768w, https://avdpa.org/wp-content/uploads/2023/03/13261_grotte-colo-1536x1152.jpg 1536w, https://avdpa.org/wp-content/uploads/2023/03/13261_grotte-colo-2048x1536.jpg 2048w" sizes="auto, (max-width: 350px) 100vw, 350px" /></figure>
</div>


<p>Depuis près de 40 ans des programmes de recherche pluridisciplinaires menés dans les Alpes du Nord ont renouvelé nos connaissances sur les occupations humaines et les évolutions paléo-environnementales de la Préhistoire récente. Elles concernent notamment la fin des temps glaciaires, de – 18 000 à – 5 000 ans, période marquée par les évolutions bioclimatiques majeures caractérisant le passages de la dernière période glaciaire à l’interglaciaire actuel en relation avec les premières colonisations humaines. Les données fournies par de nombreuse fouilles et prospections archéologiques qui ont recensé plus de 100 sites racontent les modalités de passage entre les derniers chasseurs-cueilleurs et les premiers pasteurs-agriculteurs dans un milieu montagnard à priori hostile mais offrant des ressources biologiques et minérales particulières.</p>



<p></p>
</div></div>



<div class="wp-block-genesis-blocks-gb-column gb-block-layout-column"><div class="gb-block-layout-column-inner has-nv-light-bg-background-color" style="padding-top:10px;padding-right:10px;padding-bottom:10px;padding-left:10px">
<h5 class="wp-block-heading">Conférence &#8211; <strong>Vivre en habitat palafittique au bord du lac de Paladru il y a 5000 ans, esquisse des sociétés néolithiques dans les Alpes du Nord</strong></h5>



<p>par Pierre Bintz et Jean-Jacques Millet<br><strong>📆</strong>Mercredi 22 mars 2023, de 18h30 à 20h, à l&rsquo;auditorium du Muséum d&rsquo;Histoire Naturelle de Grenoble (entrée gratuite)</p>


<div class="wp-block-image">
<figure class="aligncenter size-full"><img loading="lazy" decoding="async" width="350" height="258" src="https://avdpa.org/wp-content/uploads/2023/03/xl_reconst-Charavines.jpg" alt="" class="wp-image-90" srcset="https://avdpa.org/wp-content/uploads/2023/03/xl_reconst-Charavines.jpg 350w, https://avdpa.org/wp-content/uploads/2023/03/xl_reconst-Charavines-300x221.jpg 300w" sizes="auto, (max-width: 350px) 100vw, 350px" /></figure>
</div>


<p>Les habitats lacustres du lac de Paladru sont une fenêtre ouverte sur le Néolithique des Alpes du Nord. Les occupants ont laissé des vestiges remarquables, bois, céramiques, parures, silex taillés, restes osseux qui permettent d’avoir une idée précise sur les activités quotidiennes des habitants et les manières de vivre ensemble. Cette conférence vous invite à découvrir une esquisse des sociétés néolithiques avec des regards croisés d’un préhistorien et d’un anthropologue.</p>
</div></div>
</div></div>
</div>
</div>

<p>🚧Ce site est en cours de construction 🚧 L’Association pour la Valorisation et la Diffusion de la Préhistoire Alpine (AVDPA) est une association régie par la loi de 1901, créée en 2000. Elle a pour but de soutenir la recherche en archéologie préhistorique, protohistorique et éventuellement historique dans les Alpes du nord, de faire connaître&hellip;&nbsp;<a href="https://avdpa.org/" class="" rel="bookmark">Lire la suite &raquo;<span class="screen-reader-text">Accueil</span></a></p>
