{"id":20,"date":"2022-07-13T13:16:21","date_gmt":"2022-07-13T11:16:21","guid":{"rendered":"http:\/\/avdpa.org\/?page_id=20"},"modified":"2023-03-30T17:01:53","modified_gmt":"2023-03-30T15:01:53","slug":"activites-scientifiques","status":"publish","type":"page","link":"https:\/\/avdpa.org\/index.php\/activites-scientifiques\/","title":{"rendered":"Activit\u00e9s scientifiques"},"content":{"rendered":"\n<div class=\"wp-block-cover is-light\" style=\"min-height:330px;aspect-ratio:unset;\"><span aria-hidden=\"true\" class=\"wp-block-cover__background has-background-dim\"><\/span><img loading=\"lazy\" decoding=\"async\" width=\"1280\" height=\"960\" class=\"wp-block-cover__image-background wp-image-98\" alt=\"\" src=\"https:\/\/avdpa.org\/wp-content\/uploads\/2023\/03\/CUISSON-CERAM-NEO-RP-13.jpg\" style=\"object-position:49% 45%\" data-object-fit=\"cover\" data-object-position=\"49% 45%\" srcset=\"https:\/\/avdpa.org\/wp-content\/uploads\/2023\/03\/CUISSON-CERAM-NEO-RP-13.jpg 1280w, https:\/\/avdpa.org\/wp-content\/uploads\/2023\/03\/CUISSON-CERAM-NEO-RP-13-300x225.jpg 300w, https:\/\/avdpa.org\/wp-content\/uploads\/2023\/03\/CUISSON-CERAM-NEO-RP-13-1024x768.jpg 1024w, https:\/\/avdpa.org\/wp-content\/uploads\/2023\/03\/CUISSON-CERAM-NEO-RP-13-768x576.jpg 768w\" sizes=\"auto, (max-width: 1280px) 100vw, 1280px\" \/><div class=\"wp-block-cover__inner-container is-layout-constrained wp-block-cover-is-layout-constrained\">\n<p class=\"has-text-align-center has-nv-text-dark-bg-color has-text-color has-x-large-font-size\">Activit\u00e9s scientifiques<\/p>\n<\/div><\/div>\n\n\n\n<p><\/p>\n\n\n\n<div class=\"wp-block-genesis-blocks-gb-columns gb-layout-columns-1 one-column\"><div class=\"gb-layout-column-wrap gb-block-layout-column-gap-2 gb-is-responsive-column\">\n<div class=\"wp-block-genesis-blocks-gb-column gb-block-layout-column\"><div class=\"gb-block-layout-column-inner\">\n<div class=\"wp-block-genesis-blocks-gb-columns gb-layout-columns-2 gb-2-col-equal\"><div class=\"gb-layout-column-wrap gb-block-layout-column-gap-2 gb-is-responsive-column\">\n<div class=\"wp-block-genesis-blocks-gb-column gb-block-layout-column\"><div class=\"gb-block-layout-column-inner has-nv-light-bg-background-color\" style=\"padding-top:10px;padding-right:10px;padding-bottom:10px;padding-left:10px\">\n<h5 class=\"wp-block-heading\">Fouille programm\u00e9e &#8211; La Grande Rivoire, Sassenage (Is\u00e8re)<\/h5>\n\n\n<div class=\"wp-block-image\">\n<figure class=\"aligncenter size-large is-resized\"><img loading=\"lazy\" decoding=\"async\" src=\"https:\/\/avdpa.org\/wp-content\/uploads\/2023\/03\/figure_02-1024x683.jpg\" alt=\"\" class=\"wp-image-102\" width=\"459\" height=\"305\" srcset=\"https:\/\/avdpa.org\/wp-content\/uploads\/2023\/03\/figure_02-1024x683.jpg 1024w, https:\/\/avdpa.org\/wp-content\/uploads\/2023\/03\/figure_02-300x200.jpg 300w, https:\/\/avdpa.org\/wp-content\/uploads\/2023\/03\/figure_02-768x512.jpg 768w, https:\/\/avdpa.org\/wp-content\/uploads\/2023\/03\/figure_02-1536x1024.jpg 1536w, https:\/\/avdpa.org\/wp-content\/uploads\/2023\/03\/figure_02-2048x1365.jpg 2048w, https:\/\/avdpa.org\/wp-content\/uploads\/2023\/03\/figure_02-600x400.jpg 600w, https:\/\/avdpa.org\/wp-content\/uploads\/2023\/03\/figure_02-1200x800.jpg 1200w, https:\/\/avdpa.org\/wp-content\/uploads\/2023\/03\/figure_02-930x620.jpg 930w\" sizes=\"auto, (max-width: 459px) 100vw, 459px\" \/><\/figure>\n<\/div>\n\n\n<p>Le site de la Grande Rivoire est un abri sous roche localis\u00e9 dans le nord du massif subalpin du Vercors. D\u00e9couvert en 1986, il a d&rsquo;abord fait l&rsquo;objet d&rsquo;une fouille de sauvetage entre 1986 et 1994. Depuis 2000, des campagnes de fouille programm\u00e9e y sont men\u00e9es sur les niveaux allant de l&rsquo;\u00e9poque romaine au second M\u00e9solithique.<\/p>\n\n\n\n<div class=\"wp-block-buttons is-content-justification-center is-layout-flex wp-container-core-buttons-is-layout-16018d1d wp-block-buttons-is-layout-flex\">\n<div class=\"wp-block-button\"><a class=\"wp-block-button__link has-text-align-center wp-element-button\" href=\"https:\/\/avdpa.org\/index.php\/fouille-programmee-la-grande-rivoire-sassenage-isere\/\" target=\"_blank\" rel=\"noreferrer noopener\">Plus d&rsquo;informations en cliquant ici<\/a><\/div>\n<\/div>\n\n\n\n<p><\/p>\n<\/div><\/div>\n\n\n\n<div class=\"wp-block-genesis-blocks-gb-column gb-block-layout-column\"><div class=\"gb-block-layout-column-inner has-nv-light-bg-background-color\" style=\"padding-top:10px;padding-right:10px;padding-bottom:10px;padding-left:10px\">\n<h5 class=\"wp-block-heading\">Arch\u00e9ologie de l\u2019herbe&nbsp;: Occupation, irrigation et exploitation agropastorale de la montagne en Valbonnais<\/h5>\n\n\n<div class=\"wp-block-image\">\n<figure class=\"aligncenter size-full is-resized\"><img loading=\"lazy\" decoding=\"async\" src=\"https:\/\/avdpa.org\/wp-content\/uploads\/2023\/03\/vueEcrins.png\" alt=\"\" class=\"wp-image-109\" width=\"548\" height=\"121\" srcset=\"https:\/\/avdpa.org\/wp-content\/uploads\/2023\/03\/vueEcrins.png 959w, https:\/\/avdpa.org\/wp-content\/uploads\/2023\/03\/vueEcrins-300x67.png 300w, https:\/\/avdpa.org\/wp-content\/uploads\/2023\/03\/vueEcrins-768x171.png 768w\" sizes=\"auto, (max-width: 548px) 100vw, 548px\" \/><\/figure>\n<\/div>\n\n\n<p>Ces prospections visent l\u2019\u00e9tude sur le temps long d\u2019un territoire de montagne autour de la th\u00e9matique de \u00ab&nbsp;l\u2019\u00e9conomie de l\u2019herbe&nbsp;\u00bb (l\u2019\u00e9levage, l\u2019agriculture, le pastoralisme).<br>Situ\u00e9 au nord des Ecrins dans l\u2019ancien canton de Valbonnais, il comprend la vall\u00e9e de la Roizonne, celle de la Malsanne et son d\u00e9bouch\u00e9 dans la Bonne. L&rsquo;irrigation des pr\u00e9s y est attest\u00e9e d\u00e8s le Moyen-\u00c2ge et le pastoralisme certainement tr\u00e8s ancien&nbsp;: des indices arch\u00e9ologiques indiquent des occupations d\u00e8s l\u2019Antiquit\u00e9 et l\u2019\u00c2ge du Fer, des fr\u00e9quentations d\u00e8s la Pr\u00e9histoire.<br>La campagne 2023 a pour but de rep\u00e9rer des sites en fond de vall\u00e9e, sur les versants et dans les alpages pour pr\u00e9parer une future campagne de sondages.<br><em>Coordination : Violaine H\u00e9ritier-Salama<\/em><\/p>\n<\/div><\/div>\n<\/div><\/div>\n\n\n\n<p><\/p>\n\n\n\n<div class=\"wp-block-genesis-blocks-gb-columns gb-layout-columns-2 gb-2-col-equal\"><div class=\"gb-layout-column-wrap gb-block-layout-column-gap-2 gb-is-responsive-column\">\n<div class=\"wp-block-genesis-blocks-gb-column gb-block-layout-column\"><div class=\"gb-block-layout-column-inner has-nv-light-bg-background-color\" style=\"padding-top:10px;padding-right:10px;padding-bottom:10px;padding-left:10px\">\n<h5 class=\"wp-block-heading\">Projet collectif de recherche \u00ab&nbsp;r\u00e9seau de lithoth\u00e8ques en Auvergne-Rh\u00f4ne-Alpes&nbsp;\u00bb<\/h5>\n\n\n<div class=\"wp-block-image\">\n<figure class=\"aligncenter size-large is-resized\"><img loading=\"lazy\" decoding=\"async\" src=\"https:\/\/avdpa.org\/wp-content\/uploads\/2023\/03\/3110_light-1024x736.jpg\" alt=\"\" class=\"wp-image-114\" width=\"510\" height=\"367\" srcset=\"https:\/\/avdpa.org\/wp-content\/uploads\/2023\/03\/3110_light-1024x736.jpg 1024w, https:\/\/avdpa.org\/wp-content\/uploads\/2023\/03\/3110_light-300x216.jpg 300w, https:\/\/avdpa.org\/wp-content\/uploads\/2023\/03\/3110_light-768x552.jpg 768w, https:\/\/avdpa.org\/wp-content\/uploads\/2023\/03\/3110_light-1536x1105.jpg 1536w, https:\/\/avdpa.org\/wp-content\/uploads\/2023\/03\/3110_light-2048x1473.jpg 2048w\" sizes=\"auto, (max-width: 510px) 100vw, 510px\" \/><\/figure>\n<\/div>\n\n\n<p>Les principaux objectifs de ce Programme Collectif de Recherche sont de r\u00e9aliser un atlas des silex marqueurs pr\u00e9sents dans la r\u00e9gion, de dresse un bilan cartographique du domaine min\u00e9ral exploitable, d&rsquo;informer sur l&rsquo;avancement de cette d\u00e9marche pour am\u00e9liorer la diffusion des donn\u00e9es et transmettre \u00e0 tous les acteurs concern\u00e9s les bases de donn\u00e9es \u00e9tablies.<\/p>\n\n\n\n<div class=\"wp-block-buttons is-content-justification-center is-layout-flex wp-container-core-buttons-is-layout-16018d1d wp-block-buttons-is-layout-flex\">\n<div class=\"wp-block-button\"><a class=\"wp-block-button__link has-text-align-center wp-element-button\" href=\"https:\/\/avdpa.org\/index.php\/projet-collectif-de-recherche-reseau-de-lithotheques-en-auvergne-rhone-alpes\/\" target=\"_blank\" rel=\"noreferrer noopener\">Plus d&rsquo;informations en cliquant ici<\/a><\/div>\n<\/div>\n\n\n\n<p><\/p>\n<\/div><\/div>\n\n\n\n<div class=\"wp-block-genesis-blocks-gb-column gb-block-layout-column\"><div class=\"gb-block-layout-column-inner has-nv-light-bg-background-color\" style=\"padding-top:10px;padding-right:10px;padding-bottom:10px;padding-left:10px\">\n<h5 class=\"wp-block-heading\">Projet collectif de recherche \u00ab&nbsp;Quel Gravettien en Nouvelle-Aquitaine ? <strong>R\u00e9vision pluridisciplinaire des s\u00e9ries du Gravettien r\u00e9cent et final dans le bassin versant de la Dordogne et ses marges<\/strong>&nbsp;\u00bb<\/h5>\n\n\n<div class=\"wp-block-image\">\n<figure class=\"aligncenter size-large is-resized\"><img loading=\"lazy\" decoding=\"async\" src=\"https:\/\/avdpa.org\/wp-content\/uploads\/2023\/03\/unnamed-1024x683.jpg\" alt=\"\" class=\"wp-image-120\" width=\"474\" height=\"315\" srcset=\"https:\/\/avdpa.org\/wp-content\/uploads\/2023\/03\/unnamed-1024x683.jpg 1024w, https:\/\/avdpa.org\/wp-content\/uploads\/2023\/03\/unnamed-300x200.jpg 300w, https:\/\/avdpa.org\/wp-content\/uploads\/2023\/03\/unnamed-768x512.jpg 768w, https:\/\/avdpa.org\/wp-content\/uploads\/2023\/03\/unnamed-600x400.jpg 600w, https:\/\/avdpa.org\/wp-content\/uploads\/2023\/03\/unnamed-1200x800.jpg 1200w, https:\/\/avdpa.org\/wp-content\/uploads\/2023\/03\/unnamed-930x620.jpg 930w, https:\/\/avdpa.org\/wp-content\/uploads\/2023\/03\/unnamed.jpg 1280w\" sizes=\"auto, (max-width: 474px) 100vw, 474px\" \/><figcaption class=\"wp-element-caption\"><em>Raccords de lames du Gravettien final de l&rsquo;abri Pataud (Dordogne). Photographie Emilie Lesvignes<\/em><\/figcaption><\/figure>\n<\/div>\n\n\n<p>Le projet collectif de recherche (PCR) porte sur les phases r\u00e9cente et finale du Gravettien (24 000 &#8211; 22 000 BP) dans le Sud-Ouest de la France, dont les traditions de fabrication d\u2019outils en pierre pr\u00e9sentent une importante variabilit\u00e9. L\u2019interpr\u00e9tation de cette diversit\u00e9 reste toutefois compliqu\u00e9e, car l\u2019on conna\u00eet peu les comportements techniques, symboliques et de subsistance associ\u00e9s aux autres vestiges arch\u00e9ologiques comme les industries en os ou la faune. En outre, peu d&rsquo;analyses critiques r\u00e9centes interrogent la mise en place et l&rsquo;\u00e9volution des assemblages arch\u00e9ologiques au sein des sites de cette r\u00e9gion dite de r\u00e9f\u00e9rence. Dans ce contexte, l&rsquo;objectif de ce PCR est de porter un nouveau regard sur la fin du Gravettien dans le sud-ouest de la France, \u00e0 la lueur d&rsquo;analyses pluridisciplinaires et critiques des collections arch\u00e9ologiques.<br><em>Coordination : \u00c9lise Cormar\u00e8che et Ana\u00efs Vignoles<\/em><\/p>\n<\/div><\/div>\n<\/div><\/div>\n\n\n\n<p><\/p>\n<\/div><\/div>\n<\/div><\/div>\n","protected":false},"excerpt":{"rendered":"","protected":false},"author":1,"featured_media":0,"parent":0,"menu_order":0,"comment_status":"closed","ping_status":"closed","template":"","meta":{"neve_meta_sidebar":"","neve_meta_container":"full-width","neve_meta_enable_content_width":"on","neve_meta_content_width":95,"neve_meta_title_alignment":"","neve_meta_author_avatar":"","neve_post_elements_order":"","neve_meta_disable_header":"off","neve_meta_disable_footer":"","neve_meta_disable_title":"on","_ti_tpc_template_sync":false,"_ti_tpc_template_id":"","footnotes":""},"class_list":["post-20","page","type-page","status-publish","hentry"],"featured_image_src":null,"featured_image_src_square":null,"_links":{"self":[{"href":"https:\/\/avdpa.org\/index.php\/wp-json\/wp\/v2\/pages\/20","targetHints":{"allow":["GET"]}}],"collection":[{"href":"https:\/\/avdpa.org\/index.php\/wp-json\/wp\/v2\/pages"}],"about":[{"href":"https:\/\/avdpa.org\/index.php\/wp-json\/wp\/v2\/types\/page"}],"author":[{"embeddable":true,"href":"https:\/\/avdpa.org\/index.php\/wp-json\/wp\/v2\/users\/1"}],"replies":[{"embeddable":true,"href":"https:\/\/avdpa.org\/index.php\/wp-json\/wp\/v2\/comments?post=20"}],"version-history":[{"count":16,"href":"https:\/\/avdpa.org\/index.php\/wp-json\/wp\/v2\/pages\/20\/revisions"}],"predecessor-version":[{"id":173,"href":"https:\/\/avdpa.org\/index.php\/wp-json\/wp\/v2\/pages\/20\/revisions\/173"}],"wp:attachment":[{"href":"https:\/\/avdpa.org\/index.php\/wp-json\/wp\/v2\/media?parent=20"}],"curies":[{"name":"wp","href":"https:\/\/api.w.org\/{rel}","templated":true}]}}

Activités scientifiques

<div class="wp-block-cover is-light" style="min-height:330px;aspect-ratio:unset;"><span aria-hidden="true" class="wp-block-cover__background has-background-dim"></span><img loading="lazy" decoding="async" width="1280" height="960" class="wp-block-cover__image-background wp-image-98" alt="" src="https://avdpa.org/wp-content/uploads/2023/03/CUISSON-CERAM-NEO-RP-13.jpg" style="object-position:49% 45%" data-object-fit="cover" data-object-position="49% 45%" srcset="https://avdpa.org/wp-content/uploads/2023/03/CUISSON-CERAM-NEO-RP-13.jpg 1280w, https://avdpa.org/wp-content/uploads/2023/03/CUISSON-CERAM-NEO-RP-13-300x225.jpg 300w, https://avdpa.org/wp-content/uploads/2023/03/CUISSON-CERAM-NEO-RP-13-1024x768.jpg 1024w, https://avdpa.org/wp-content/uploads/2023/03/CUISSON-CERAM-NEO-RP-13-768x576.jpg 768w" sizes="auto, (max-width: 1280px) 100vw, 1280px" /><div class="wp-block-cover__inner-container is-layout-constrained wp-block-cover-is-layout-constrained">
<p class="has-text-align-center has-nv-text-dark-bg-color has-text-color has-x-large-font-size">Activités scientifiques</p>
</div></div>



<p></p>



<div class="wp-block-genesis-blocks-gb-columns gb-layout-columns-1 one-column"><div class="gb-layout-column-wrap gb-block-layout-column-gap-2 gb-is-responsive-column">
<div class="wp-block-genesis-blocks-gb-column gb-block-layout-column"><div class="gb-block-layout-column-inner">
<div class="wp-block-genesis-blocks-gb-columns gb-layout-columns-2 gb-2-col-equal"><div class="gb-layout-column-wrap gb-block-layout-column-gap-2 gb-is-responsive-column">
<div class="wp-block-genesis-blocks-gb-column gb-block-layout-column"><div class="gb-block-layout-column-inner has-nv-light-bg-background-color" style="padding-top:10px;padding-right:10px;padding-bottom:10px;padding-left:10px">
<h5 class="wp-block-heading">Fouille programmée &#8211; La Grande Rivoire, Sassenage (Isère)</h5>


<div class="wp-block-image">
<figure class="aligncenter size-large is-resized"><img loading="lazy" decoding="async" src="https://avdpa.org/wp-content/uploads/2023/03/figure_02-1024x683.jpg" alt="" class="wp-image-102" width="459" height="305" srcset="https://avdpa.org/wp-content/uploads/2023/03/figure_02-1024x683.jpg 1024w, https://avdpa.org/wp-content/uploads/2023/03/figure_02-300x200.jpg 300w, https://avdpa.org/wp-content/uploads/2023/03/figure_02-768x512.jpg 768w, https://avdpa.org/wp-content/uploads/2023/03/figure_02-1536x1024.jpg 1536w, https://avdpa.org/wp-content/uploads/2023/03/figure_02-2048x1365.jpg 2048w, https://avdpa.org/wp-content/uploads/2023/03/figure_02-600x400.jpg 600w, https://avdpa.org/wp-content/uploads/2023/03/figure_02-1200x800.jpg 1200w, https://avdpa.org/wp-content/uploads/2023/03/figure_02-930x620.jpg 930w" sizes="auto, (max-width: 459px) 100vw, 459px" /></figure>
</div>


<p>Le site de la Grande Rivoire est un abri sous roche localisé dans le nord du massif subalpin du Vercors. Découvert en 1986, il a d&rsquo;abord fait l&rsquo;objet d&rsquo;une fouille de sauvetage entre 1986 et 1994. Depuis 2000, des campagnes de fouille programmée y sont menées sur les niveaux allant de l&rsquo;époque romaine au second Mésolithique.</p>



<div class="wp-block-buttons is-content-justification-center is-layout-flex wp-container-core-buttons-is-layout-16018d1d wp-block-buttons-is-layout-flex">
<div class="wp-block-button"><a class="wp-block-button__link has-text-align-center wp-element-button" href="https://avdpa.org/index.php/fouille-programmee-la-grande-rivoire-sassenage-isere/" target="_blank" rel="noreferrer noopener">Plus d&rsquo;informations en cliquant ici</a></div>
</div>



<p></p>
</div></div>



<div class="wp-block-genesis-blocks-gb-column gb-block-layout-column"><div class="gb-block-layout-column-inner has-nv-light-bg-background-color" style="padding-top:10px;padding-right:10px;padding-bottom:10px;padding-left:10px">
<h5 class="wp-block-heading">Archéologie de l’herbe&nbsp;: Occupation, irrigation et exploitation agropastorale de la montagne en Valbonnais</h5>


<div class="wp-block-image">
<figure class="aligncenter size-full is-resized"><img loading="lazy" decoding="async" src="https://avdpa.org/wp-content/uploads/2023/03/vueEcrins.png" alt="" class="wp-image-109" width="548" height="121" srcset="https://avdpa.org/wp-content/uploads/2023/03/vueEcrins.png 959w, https://avdpa.org/wp-content/uploads/2023/03/vueEcrins-300x67.png 300w, https://avdpa.org/wp-content/uploads/2023/03/vueEcrins-768x171.png 768w" sizes="auto, (max-width: 548px) 100vw, 548px" /></figure>
</div>


<p>Ces prospections visent l’étude sur le temps long d’un territoire de montagne autour de la thématique de «&nbsp;l’économie de l’herbe&nbsp;» (l’élevage, l’agriculture, le pastoralisme).<br>Situé au nord des Ecrins dans l’ancien canton de Valbonnais, il comprend la vallée de la Roizonne, celle de la Malsanne et son débouché dans la Bonne. L&rsquo;irrigation des prés y est attestée dès le Moyen-Âge et le pastoralisme certainement très ancien&nbsp;: des indices archéologiques indiquent des occupations dès l’Antiquité et l’Âge du Fer, des fréquentations dès la Préhistoire.<br>La campagne 2023 a pour but de repérer des sites en fond de vallée, sur les versants et dans les alpages pour préparer une future campagne de sondages.<br><em>Coordination : Violaine Héritier-Salama</em></p>
</div></div>
</div></div>



<p></p>



<div class="wp-block-genesis-blocks-gb-columns gb-layout-columns-2 gb-2-col-equal"><div class="gb-layout-column-wrap gb-block-layout-column-gap-2 gb-is-responsive-column">
<div class="wp-block-genesis-blocks-gb-column gb-block-layout-column"><div class="gb-block-layout-column-inner has-nv-light-bg-background-color" style="padding-top:10px;padding-right:10px;padding-bottom:10px;padding-left:10px">
<h5 class="wp-block-heading">Projet collectif de recherche «&nbsp;réseau de lithothèques en Auvergne-Rhône-Alpes&nbsp;»</h5>


<div class="wp-block-image">
<figure class="aligncenter size-large is-resized"><img loading="lazy" decoding="async" src="https://avdpa.org/wp-content/uploads/2023/03/3110_light-1024x736.jpg" alt="" class="wp-image-114" width="510" height="367" srcset="https://avdpa.org/wp-content/uploads/2023/03/3110_light-1024x736.jpg 1024w, https://avdpa.org/wp-content/uploads/2023/03/3110_light-300x216.jpg 300w, https://avdpa.org/wp-content/uploads/2023/03/3110_light-768x552.jpg 768w, https://avdpa.org/wp-content/uploads/2023/03/3110_light-1536x1105.jpg 1536w, https://avdpa.org/wp-content/uploads/2023/03/3110_light-2048x1473.jpg 2048w" sizes="auto, (max-width: 510px) 100vw, 510px" /></figure>
</div>


<p>Les principaux objectifs de ce Programme Collectif de Recherche sont de réaliser un atlas des silex marqueurs présents dans la région, de dresse un bilan cartographique du domaine minéral exploitable, d&rsquo;informer sur l&rsquo;avancement de cette démarche pour améliorer la diffusion des données et transmettre à tous les acteurs concernés les bases de données établies.</p>



<div class="wp-block-buttons is-content-justification-center is-layout-flex wp-container-core-buttons-is-layout-16018d1d wp-block-buttons-is-layout-flex">
<div class="wp-block-button"><a class="wp-block-button__link has-text-align-center wp-element-button" href="https://avdpa.org/index.php/projet-collectif-de-recherche-reseau-de-lithotheques-en-auvergne-rhone-alpes/" target="_blank" rel="noreferrer noopener">Plus d&rsquo;informations en cliquant ici</a></div>
</div>



<p></p>
</div></div>



<div class="wp-block-genesis-blocks-gb-column gb-block-layout-column"><div class="gb-block-layout-column-inner has-nv-light-bg-background-color" style="padding-top:10px;padding-right:10px;padding-bottom:10px;padding-left:10px">
<h5 class="wp-block-heading">Projet collectif de recherche «&nbsp;Quel Gravettien en Nouvelle-Aquitaine ? <strong>Révision pluridisciplinaire des séries du Gravettien récent et final dans le bassin versant de la Dordogne et ses marges</strong>&nbsp;»</h5>


<div class="wp-block-image">
<figure class="aligncenter size-large is-resized"><img loading="lazy" decoding="async" src="https://avdpa.org/wp-content/uploads/2023/03/unnamed-1024x683.jpg" alt="" class="wp-image-120" width="474" height="315" srcset="https://avdpa.org/wp-content/uploads/2023/03/unnamed-1024x683.jpg 1024w, https://avdpa.org/wp-content/uploads/2023/03/unnamed-300x200.jpg 300w, https://avdpa.org/wp-content/uploads/2023/03/unnamed-768x512.jpg 768w, https://avdpa.org/wp-content/uploads/2023/03/unnamed-600x400.jpg 600w, https://avdpa.org/wp-content/uploads/2023/03/unnamed-1200x800.jpg 1200w, https://avdpa.org/wp-content/uploads/2023/03/unnamed-930x620.jpg 930w, https://avdpa.org/wp-content/uploads/2023/03/unnamed.jpg 1280w" sizes="auto, (max-width: 474px) 100vw, 474px" /><figcaption class="wp-element-caption"><em>Raccords de lames du Gravettien final de l&rsquo;abri Pataud (Dordogne). Photographie Emilie Lesvignes</em></figcaption></figure>
</div>


<p>Le projet collectif de recherche (PCR) porte sur les phases récente et finale du Gravettien (24 000 &#8211; 22 000 BP) dans le Sud-Ouest de la France, dont les traditions de fabrication d’outils en pierre présentent une importante variabilité. L’interprétation de cette diversité reste toutefois compliquée, car l’on connaît peu les comportements techniques, symboliques et de subsistance associés aux autres vestiges archéologiques comme les industries en os ou la faune. En outre, peu d&rsquo;analyses critiques récentes interrogent la mise en place et l&rsquo;évolution des assemblages archéologiques au sein des sites de cette région dite de référence. Dans ce contexte, l&rsquo;objectif de ce PCR est de porter un nouveau regard sur la fin du Gravettien dans le sud-ouest de la France, à la lueur d&rsquo;analyses pluridisciplinaires et critiques des collections archéologiques.<br><em>Coordination : Élise Cormarèche et Anaïs Vignoles</em></p>
</div></div>
</div></div>



<p></p>
</div></div>
</div></div>
